{"id":713,"date":"2019-01-29T12:23:03","date_gmt":"2019-01-29T11:23:03","guid":{"rendered":"http:\/\/www.francis-pellerin.fr\/?page_id=713"},"modified":"2021-04-05T09:35:03","modified_gmt":"2021-04-05T07:35:03","slug":"parcours-francis-pellerin-en-pays-malouin","status":"publish","type":"page","link":"https:\/\/www.francis-pellerin.fr\/index.php\/parcours-francis-pellerin-en-pays-malouin\/","title":{"rendered":"Parcours Francis Pellerin en pays malouin"},"content":{"rendered":"<p>[et_pb_section fb_built=\u00a0\u00bb1&Prime; fullwidth=\u00a0\u00bbon\u00a0\u00bb _builder_version=\u00a0\u00bb3.0.47&Prime;][et_pb_fullwidth_post_title meta=\u00a0\u00bboff\u00a0\u00bb featured_placement=\u00a0\u00bbbackground\u00a0\u00bb text_background=\u00a0\u00bbon\u00a0\u00bb text_bg_color=\u00a0\u00bbrgba(89,89,89,0.9)\u00a0\u00bb _builder_version=\u00a0\u00bb3.0.86&Prime; title_font=\u00a0\u00bbOpen Sans||||||||\u00a0\u00bb title_text_color=\u00a0\u00bb#ffffff\u00a0\u00bb]\u00a0<br \/>\n[\/et_pb_fullwidth_post_title][\/et_pb_section][et_pb_section fb_built=\u00a0\u00bb1&Prime; _builder_version=\u00a0\u00bb3.0.47&Prime;][et_pb_row _builder_version=\u00a0\u00bb3.0.86&Prime; background_size=\u00a0\u00bbinitial\u00a0\u00bb background_position=\u00a0\u00bbtop_left\u00a0\u00bb background_repeat=\u00a0\u00bbrepeat\u00a0\u00bb custom_css_main_element=\u00a0\u00bbpadding:0px !important;\u00a0\u00bb][et_pb_column type=\u00a0\u00bb4_4&Prime; _builder_version=\u00a0\u00bb3.0.47&Prime; parallax=\u00a0\u00bboff\u00a0\u00bb parallax_method=\u00a0\u00bbon\u00a0\u00bb][et_pb_text _builder_version=\u00a0\u00bb3.0.86&Prime;]<\/p>\n<h2>Cancale<\/h2>\n<p>[\/et_pb_text][et_pb_text _builder_version=\u00a0\u00bb3.0.86&Prime;]<b>Cancale <\/b>est le lieu de sa naissance, le 2 avril 1915 (\u00e0 La Forge, 5 rue de La Roulette). C&rsquo;est aussi celui de son enfance et de sa jeunesse&#8230; Francis Pellerin fut d&rsquo;abord apprenti chez un \u00e9b\u00e9niste de Cancale, Henri Bagot, en 1928. Puis, en 1930, il gagne l&rsquo;\u00c9cole des beaux-arts de Rennes.<br \/>\n[\/et_pb_text][et_pb_gallery gallery_ids=\u00a0\u00bb715,716,717,1453&Prime; gallery_captions=\u00a0\u00bb\u00a9 Haude PELLERIN,\u00a9 Fonds F.P,\u00a9 Fonds F.P,\u00a9 Armel Pellerin\u00a0\u00bb posts_number=\u00a0\u00bb5&Prime; orientation=\u00a0\u00bbportrait\u00a0\u00bb show_pagination=\u00a0\u00bboff\u00a0\u00bb _builder_version=\u00a0\u00bb3.0.86&Prime; pagination_font_size_tablet=\u00a0\u00bb51&Prime; pagination_line_height_tablet=\u00a0\u00bb2&Prime;]\u00a0<br \/>\n[\/et_pb_gallery][\/et_pb_column][\/et_pb_row][et_pb_row _builder_version=\u00a0\u00bb3.0.86&Prime; background_size=\u00a0\u00bbinitial\u00a0\u00bb background_position=\u00a0\u00bbtop_left\u00a0\u00bb background_repeat=\u00a0\u00bbrepeat\u00a0\u00bb custom_css_main_element=\u00a0\u00bbpadding:0px !important;\u00a0\u00bb][et_pb_column type=\u00a0\u00bb4_4&Prime; _builder_version=\u00a0\u00bb3.0.47&Prime; parallax=\u00a0\u00bboff\u00a0\u00bb parallax_method=\u00a0\u00bbon\u00a0\u00bb][et_pb_text _builder_version=\u00a0\u00bb3.0.86&Prime;]<\/p>\n<h2>Mus\u00e9e de Cancale<\/h2>\n<p>[\/et_pb_text][et_pb_text _builder_version=\u00a0\u00bb3.0.86&Prime;]<\/p>\n<p>Le mus\u00e9e de Cancale, place Saint-M\u00e9en, abrite plusieurs \u0153uvres de Francis Pellerin\u00a0:<\/p>\n<ul>\n<li>un buste de son p\u00e8re, Joseph Pellerin, embarqu\u00e9 d\u00e8s ses onze ans pour la p\u00eache \u00e0 Terre-Neuve. Il s&rsquo;agit d&rsquo;un buste en ch\u00eane r\u00e9alis\u00e9 en 1933 qui fut confi\u00e9 au mus\u00e9e par l&rsquo;\u00e9pouse de Francis Pellerin<\/li>\n<li>un buste d&rsquo;un marin, fait \u00e0 l&rsquo;atelier de Albert Bourget, aux beaux-arts de Rennes lorsque Francis Pellerin avait 17 ans<\/li>\n<li>deux bas reliefs en pl\u00e2tre, des ann\u00e9es 1945-50, \u00e9voquant la p\u00eache \u00e0 l&rsquo;\u00e9puisette et la p\u00eache \u00e0 la ligne<\/li>\n<li>une \u00e9tude en pl\u00e2tre pour les poissons des bassins de la facult\u00e9 de droit, \u00e0 Rennes (1960)<\/li>\n<li>deux pastels r\u00e9alis\u00e9s avant son s\u00e9jour \u00e0 Rome (1946 \u00e0 1948), de l&rsquo;Anse du four \u00e0 chaux et du Rocher de Cancale.<\/li>\n<\/ul>\n<p>La pr\u00e9sence de ces \u0153uvres est le fruit de la donation de Haude Pellerin, fille de Francis Pellerin.<\/p>\n<p>[\/et_pb_text][et_pb_gallery gallery_ids=\u00a0\u00bb722,725,724,1267&Prime; gallery_captions=\u00a0\u00bb\u00a9 Haude PELLERIN,\u00a9 Haude PELLERIN,\u00a9 Haude PELLERIN,\u00a9 Haude PELLERIN\u00a0\u00bb posts_number=\u00a0\u00bb4&Prime; orientation=\u00a0\u00bbportrait\u00a0\u00bb show_pagination=\u00a0\u00bboff\u00a0\u00bb hover_icon=\u00a0\u00bb%%40%%\u00a0\u00bb _builder_version=\u00a0\u00bb3.0.86&Prime; pagination_font_size_tablet=\u00a0\u00bb51&Prime; pagination_line_height_tablet=\u00a0\u00bb2&Prime;]\u00a0<br \/>\n[\/et_pb_gallery][\/et_pb_column][\/et_pb_row][et_pb_row _builder_version=\u00a0\u00bb3.0.86&Prime; background_size=\u00a0\u00bbinitial\u00a0\u00bb background_position=\u00a0\u00bbtop_left\u00a0\u00bb background_repeat=\u00a0\u00bbrepeat\u00a0\u00bb custom_css_main_element=\u00a0\u00bbpadding:0px !important;\u00a0\u00bb][et_pb_column type=\u00a0\u00bb4_4&Prime; _builder_version=\u00a0\u00bb3.0.47&Prime; parallax=\u00a0\u00bboff\u00a0\u00bb parallax_method=\u00a0\u00bbon\u00a0\u00bb][et_pb_text admin_label=\u00a0\u00bbSt Malo\u00a0\u00bb _builder_version=\u00a0\u00bb3.0.86&Prime;]<\/p>\n<h2>Saint-Malo<\/h2>\n<p>[\/et_pb_text][et_pb_text _builder_version=\u00a0\u00bb3.0.86&Prime;]<\/p>\n<p style=\"text-align: justify;\">Saint-Malo est marqu\u00e9 de six \u0153uvres aux caract\u00e9ristiques esth\u00e9tiques vari\u00e9es\u00a0:<\/p>\n<p>&nbsp;<\/p>\n<ul>\n<li style=\"text-align: justify;\">un bas-relief sur la fa\u00e7ade de la maison du projet du mus\u00e9e d&rsquo;histoire maritime (ancienne Inscription maritime), quai Duguay Trouin. Oeuvre intitul\u00e9e <em>Le mariage d&rsquo;Amphitrite<\/em> dat\u00e9e 1950, en granit, 450 x 220cm. Un bas-relief, au haut du phare du Grand Jardin, repr\u00e9sentant un Neptune, r\u00e9alis\u00e9 en 1953.<\/li>\n<\/ul>\n<p>&nbsp;<\/p>\n<div class=\"et_pb_text et_pb_module et_pb_bg_layout_light et_pb_text_align_left et_pb_text_7\" style=\"text-align: justify;\">\n<div class=\"et_pb_text_inner\">\n<ul>\n<li>Une sculpture en ch\u00eane (bois r\u00e9cup\u00e9r\u00e9 au ch\u00e2teau de Chambord!) repr\u00e9sentant une \u00ab\u00a0Orbiche\u00a0\u00bb (ou roussette, encore dite chien de mer) et une charpente d\u00e9cor\u00e9e de poissons stylis\u00e9s. Sur la partie externe des poutres, au-dessus des \u00e9tales est grav\u00e9 le quatrain suivant \u00ab\u00a0La mer nous porte. La mar\u00e9e nous d\u00e9porte. le p\u00eacheur nous emporte. C\u2019est ici qu\u2019il m\u2019apporte. \u00bb Travail r\u00e9alis\u00e9 en 1954 pour la poissonnerie intra-muros de Saint-Malo. Remarque: la Mairie a d\u00e9pos\u00e9 la dite\u00a0\u00ab\u00a0Orbiche\u00a0\u00bb en 2003, pour des raisons de pr\u00e9servation patrimoniale, et en a fait r\u00e9aliser une copie par l\u2019entreprise Guitton.<\/li>\n<\/ul>\n<div class=\"et_pb_text et_pb_module et_pb_bg_layout_light et_pb_text_align_left et_pb_text_8\">\n<div class=\"et_pb_text_inner\">\n<ul>\n<li>Une fresque de 700x 450 cm en galets roses, gris, noirs et dor\u00e9s, dat\u00e9e de 1954 sur la fa\u00e7ade du casino (Le Grand Large), c\u00f4t\u00e9 Sillon. C\u2019est une \u0153uvre importante pour l\u2019histoire de l\u2019art car il s&rsquo;agit de la premi\u00e8re \u0153uvre non figurative de Francis Pellerin et, sans doute, la premi\u00e8re \u0153uvre abstraite en Bretagne\u00a0! Cette fresque est masqu\u00e9e depuis f\u00e9vrier 2020 par une r\u00e9sille d&rsquo;habillage.<\/li>\n<\/ul>\n<div class=\"et_pb_text et_pb_module et_pb_bg_layout_light et_pb_text_align_left et_pb_text_9\">\n<ul>\n<li class=\"et_pb_text_inner\">Deux r\u00e9alisations monumentales d\u2019esth\u00e9tique abstraite, au titre du 1% (difficiles d\u2019acc\u00e8s) :\n<ul>\n<li class=\"et_pb_text_inner\">une \u00e0 Saint-Servan, en 1973, au coll\u00e8ge La Motte: sculpture en ronde-bosse, en acier Corton<\/li>\n<li class=\"et_pb_text_inner\">une \u00e0 Saint-Malo, en 1974, au coll\u00e8ge Surcouf (l&rsquo;\u00e9tablissement est ferm\u00e9 depuis 2017): sculpture en acier<\/li>\n<\/ul>\n<\/li>\n<\/ul>\n<\/div>\n<\/div>\n<\/div>\n<\/div>\n<\/div>\n<p>[\/et_pb_text][et_pb_gallery gallery_ids=\u00a0\u00bb728,1090,737,744,747&Prime; gallery_captions=\u00a0\u00bb\u00a9 Haude Pellerin,\u00a9 Erwan Merly,\u00a9 Haude Pellerin,\u00a9 Haude Pellerin,\u00a9 Fonds FP \/ AM Rennes\u00a0\u00bb posts_number=\u00a0\u00bb50&Prime; orientation=\u00a0\u00bbportrait\u00a0\u00bb show_pagination=\u00a0\u00bboff\u00a0\u00bb hover_icon=\u00a0\u00bb%%40%%\u00a0\u00bb _builder_version=\u00a0\u00bb3.0.86&Prime; pagination_font_size_tablet=\u00a0\u00bb51&Prime; pagination_line_height_tablet=\u00a0\u00bb2&Prime;]\u00a0<br \/>\n[\/et_pb_gallery][\/et_pb_column][\/et_pb_row][\/et_pb_section][et_pb_section fb_built=\u00a0\u00bb1&Prime; fullwidth=\u00a0\u00bbon\u00a0\u00bb disabled_on=\u00a0\u00bbon|on|on\u00a0\u00bb _builder_version=\u00a0\u00bb3.0.86&Prime; disabled=\u00a0\u00bbon\u00a0\u00bb][et_pb_fullwidth_code _builder_version=\u00a0\u00bb3.0.86&Prime;]&lt;iframe src=&quot;https:\/\/www.google.com\/maps\/d\/embed?mid=12ThFU7d41Roz1RCbujmGEvt7QlD3CjS4&quot; width=&quot;100%&quot; height=&quot;480&quot;&gt;&lt;\/iframe&gt;[\/et_pb_fullwidth_code][\/et_pb_section]<\/p>\n","protected":false},"excerpt":{"rendered":"<p>[et_pb_section fb_built=\u00a0\u00bb1&Prime; fullwidth=\u00a0\u00bbon\u00a0\u00bb _builder_version=\u00a0\u00bb3.0.47&Prime;][et_pb_fullwidth_post_title meta=\u00a0\u00bboff\u00a0\u00bb featured_placement=\u00a0\u00bbbackground\u00a0\u00bb text_background=\u00a0\u00bbon\u00a0\u00bb text_bg_color=\u00a0\u00bbrgba(89,89,89,0.9)\u00a0\u00bb _builder_version=\u00a0\u00bb3.0.86&Prime; title_font=\u00a0\u00bbOpen Sans||||||||\u00a0\u00bb title_text_color=\u00a0\u00bb#ffffff\u00a0\u00bb]\u00a0 [\/et_pb_fullwidth_post_title][\/et_pb_section][et_pb_section fb_built=\u00a0\u00bb1&Prime; _builder_version=\u00a0\u00bb3.0.47&Prime;][et_pb_row _builder_version=\u00a0\u00bb3.0.86&Prime; background_size=\u00a0\u00bbinitial\u00a0\u00bb background_position=\u00a0\u00bbtop_left\u00a0\u00bb background_repeat=\u00a0\u00bbrepeat\u00a0\u00bb custom_css_main_element=\u00a0\u00bbpadding:0px !important;\u00a0\u00bb][et_pb_column type=\u00a0\u00bb4_4&Prime; _builder_version=\u00a0\u00bb3.0.47&Prime; parallax=\u00a0\u00bboff\u00a0\u00bb parallax_method=\u00a0\u00bbon\u00a0\u00bb][et_pb_text _builder_version=\u00a0\u00bb3.0.86&Prime;] Cancale [\/et_pb_text][et_pb_text _builder_version=\u00a0\u00bb3.0.86&Prime;]Cancale est le lieu de sa naissance, le 2 avril 1915 (\u00e0 La Forge, 5 rue de La Roulette). C&rsquo;est aussi celui de son enfance et de [&hellip;]<\/p>\n","protected":false},"author":1,"featured_media":745,"parent":0,"menu_order":0,"comment_status":"closed","ping_status":"closed","template":"","meta":[],"_links":{"self":[{"href":"https:\/\/www.francis-pellerin.fr\/index.php\/wp-json\/wp\/v2\/pages\/713"}],"collection":[{"href":"https:\/\/www.francis-pellerin.fr\/index.php\/wp-json\/wp\/v2\/pages"}],"about":[{"href":"https:\/\/www.francis-pellerin.fr\/index.php\/wp-json\/wp\/v2\/types\/page"}],"author":[{"embeddable":true,"href":"https:\/\/www.francis-pellerin.fr\/index.php\/wp-json\/wp\/v2\/users\/1"}],"replies":[{"embeddable":true,"href":"https:\/\/www.francis-pellerin.fr\/index.php\/wp-json\/wp\/v2\/comments?post=713"}],"version-history":[{"count":52,"href":"https:\/\/www.francis-pellerin.fr\/index.php\/wp-json\/wp\/v2\/pages\/713\/revisions"}],"predecessor-version":[{"id":1530,"href":"https:\/\/www.francis-pellerin.fr\/index.php\/wp-json\/wp\/v2\/pages\/713\/revisions\/1530"}],"wp:featuredmedia":[{"embeddable":true,"href":"https:\/\/www.francis-pellerin.fr\/index.php\/wp-json\/wp\/v2\/media\/745"}],"wp:attachment":[{"href":"https:\/\/www.francis-pellerin.fr\/index.php\/wp-json\/wp\/v2\/media?parent=713"}],"curies":[{"name":"wp","href":"https:\/\/api.w.org\/{rel}","templated":true}]}}